Give p(13).
-233
Let u(f) = 117*f - 11. What is u(-1)?
-128
Let y(h) = -3*h**2 + 79*h - 108. Calculate y(29).
-340
Let t(h) = h**3 + 36*h**2 + 36*h + 78. Determine t(-35).
43
Let i(f) = -12*f**3 - 132*f**2 - 5*f - 11. What is i(-11)?
44
Let d(w) = 15*w - 218. Give d(16).
22
Let k(u) = -2*u**2 + 59*u - 199. What is k(17)?
226
Let k(w) = w**2 - 3*w + 6. Determine k(-6).
60
Let x(g) = -12*g - 216. What is x(-17)?
-12
Let g(m) = 5*m**2 - 46*m - 133. Determine g(-4).
131
Let p(m) = 28*m**3 - 673*m**2 + 21*m + 74. Calculate p(24).
2
Let q(m) = -13*m**2 + 541*m - 1612. What is q(3)?
-106
Let p(n) = n**2 + 1089*n - 5472. Give p(5).
-2
Let v(f) = -2*f**3 + 13*f**2 + 4*f - 1. Calculate v(4).
95
Let b(c) = -c**3 + 3*c**2 + 66*c + 14. Determine b(10).
-26
Let r(i) = -432*i - 4745. What is r(-11)?
7
Let n(x) = -x**3 + 175*x**2 + 681*x + 6258. What is n(179)?
-7
Let i(h) = -h**2 + 556*h - 2205. Calculate i(4).
3
Let p(x) = -x**3 - 5*x**2 - 8*x + 35. Give p(3).
-61
Let y(b) = -b**3 - 7*b**2 - 2*b + 45. Determine y(-3).
15
Let o(z) = z**3 - 19*z**2 - 151*z + 18. Calculate o(25).
-7
Let k(s) = -96*s - 436. Give k(-4).
-52
Let v(t) = t**3 + 128*t**2 + 378*t + 410. Determine v(-125).
35
Let a(w) = w**2 - 16*w - 268. What is a(27)?
29
Let k(z) = z**2 - 125*z + 3627. What is k(46)?
-7
Let k(p) = p**2 + 51*p - 868. What is k(13)?
-36
Let n(x) = x**3 - 5*x**2 + 20*x - 123. Determine n(6).
33
Let n(g) = 745*g - 11921. What is n(16)?
-1
Let r(u) = -2*u**3 + 24*u**2 - 11*u + 96. What is r(12)?
-36
Let z(q) = -12*q**2 - 50*q - 27. What is z(-3)?
15
Let u(d) = -2*d - 92. Determine u(-17).
-58
Let p(z) = 96*z - 1886. What is p(20)?
34
Let u(q) = 149*q + 519. Determine u(-4).
-77
Let a(t) = 42*t + 412. Give a(-7).
118
Let b(k) = 74*k - 114. What is b(3)?
108
Let j(n) = n**2 - 569*n + 38662. Calculate j(79).
-48
Let t(u) = u**3 - 13*u**2 + 23*u + 14. Determine t(11).
25
Let u(q) = 27*q - 711. Determine u(26).
-9
Let k(m) = 3*m**3 + 25*m**2 + 52*m + 16. Determine k(-6).
-44
Let q(u) = 145*u - 1585. Calculate q(11).
10
Let u(i) = i**3 + 4*i**2 - 23*i - 79. Give u(-6).
-13
Let v(d) = 2*d**2 + 165*d - 885. Give v(-88).
83
Let g(t) = 411*t + 8642. Determine g(-21).
11
Let n(c) = -5*c**3 + 98*c**2 - 62*c + 88. Give n(19).
-7
Let q(j) = -7*j**3 + 3*j**2 - 6*j + 4. Calculate q(1).
-6
Let f(k) = 33*k - 3286. Give f(100).
14
Let a(x) = 2*x**2 - 120*x + 746. Determine a(52).
-86
Let m(z) = z**3 + 17*z**2 + 42*z - 25. What is m(-16)?
-441
Let z(m) = m**3 + 35*m**2 + 35*m - 5. Calculate z(-34).
-39
Let n(m) = -495*m - 23766. What is n(-48)?
-6
Let z(b) = 5*b**2 - 33*b - 15. Give z(7).
-1
Let w(c) = -c**2 - 26*c + 857. Determine w(18).
65
Let w(b) = 3*b**3 + 15*b**2 + 24*b - 23. Give w(-5).
-143
Let r(m) = -m**3 + 6*m**2 + 61*m - 136. Calculate r(2).
2
Let g(z) = -48*z + 130. Determine g(3).
-14
Let m(z) = 3*z**2 - 249*z - 45. Calculate m(83).
-45
Let w(c) = 19*c**2 + 13*c - 355. Calculate w(4).
1
Let q(c) = c**3 + 17*c**2 - 9*c - 168. Calculate q(-17).
-15
Let t(v) = 108*v + 950. Determine t(-12).
-346
Let m(y) = -3*y**3 - y**2 - 9*y - 9. What is m(-2)?
29
Let h(q) = -q - 142. Determine h(-38).
-104
Let l(b) = -342*b + 3416. Determine l(10).
-4
Let p(v) = 18*v**2 - 1421*v - 177. Determine p(79).
-98
Let p(s) = -3*s**3 - 58*s**2 - 267*s + 34. Calculate p(-8).
-6
Let l(n) = n**2 - 57*n - 172. Give l(58).
-114
Let x(v) = -v**3 + 13*v**2 - 42*v + 66. Determine x(9).
12
Let h(t) = -29*t**2 + 259*t + 22. What is h(9)?
4
Let u(d) = d**2 + 73*d + 308. Calculate u(-68).
-32
Let y(w) = 18*w**2 - 76*w + 6. What is y(4)?
-10
Let w(v) = -673*v - 55862. Calculate w(-83).
-3
Let z(a) = -2*a**2 - 119*a - 857. Determine z(-7).
-122
Let t(f) = -2*f**2 + 50*f - 129. What is t(22)?
3
Let y(q) = 10*q**2 + 183*q - 4856. Determine y(-33).
-5
Let s(y) = 55*y - 596. What is s(11)?
9
Let u(p) = 7*p**2 + 212*p + 43. Determine u(-30).
-17
Let x(z) = -8*z**3 - z**2 - 8*z - 3. Give x(2).
-87
Let a(n) = 4*n**2 + 7*n - 20. What is a(0)?
-20
Let o(m) = -32*m + 1170. Calculate o(33).
114
Let y(v) = -7*v + 506. Give y(73).
-5
Let b(x) = -70*x**2 - 92*x + 282. Give b(3).
-624
Let v(k) = -k**3 + 37*k**2 + 58*k - 806. What is v(38)?
-46
Let x(b) = -4*b + 87. Give x(10).
47
Let t(c) = c**2 + 572*c + 3412. Give t(-6).
16
Let l(i) = 2*i**3 + 5*i**2 - 16*i - 44. Calculate l(-3).
-5
Let x(z) = z**2 - 81*z - 492. Give x(87).
30
Let v(o) = 294*o + 1002. What is v(-3)?
120
Let r(p) = -6*p**2 + 16*p + 3. What is r(6)?
-117
Let k(o) = 124*o + 226. Determine k(-2).
-22
Let m(f) = 39*f + 910. Calculate m(-23).
13
Let m(d) = 72*d - 15. Determine m(0).
-15
Let v(m) = -8*m + 236. Determine v(19).
84
Let p(d) = -2*d**2 + 100*d + 97. What is p(51)?
-5
Let h(a) = a**3 - 20*a**2 + 89*a - 17. Determine h(7).
-31
Let l(c) = -83*c**2 + 1. What is l(-1)?
-82
Let x(l) = l**2 + 24*l + 7. Give x(-5).
-88
Let a(x) = 2*x**3 + 28*x**2 - 3104*x + 59. Calculate a(33).
-7
Let z(y) = 49*y**2 - 17*y + 13. Calculate z(1).
45
Let k(w) = -w**3 - 14*w**2 + 3*w + 76. Determine k(-12).
-248
Let o(q) = 36*q + 1065. What is o(-30)?
-15
Let o(g) = 4*g**3 + 2*g**2 - 6*g + 14. Determine o(4).
278
Let w(h) = 326*h + 10439. Calculate w(-32).
7
Let s(m) = 9*m**2 + 241*m - 49. Give s(-27).
5
Let m(h) = 3*h**2 + 66*h + 239. Calculate m(-13).
-112
Let c(p) = 2*p**3 + 2*p**2 + 242*p - 478. Give c(2).
30
Let w(d) = d**3 - 30*d**2 - 64*d - 31. Calculate w(32).
-31
Let u(j) = 165*j + 1140. Determine u(-7).
-15
Let i(t) = 2*t**3 - 125*t**2 + 187*t - 137. What is i(61)?
107
Let w(h) = -3*h**3 - 24*h**2 + 97*h + 375. Give w(-10).
5
Let v(g) = 34*g**2 - 2457*g + 648. What is v(72)?
0
Let s(r) = -5*r**3 + r**2 + 2*r + 4. Give s(2).
-28
Let g(s) = -s**2 - 40*s - 350. Give g(-27).
1
Let n(l) = l**2 + 94*l - 289. What is n(3)?
2
Let w(k) = 103*k + 862. Give w(-6).
244
Let w(b) = 171*b - 209. What is w(2)?
133
Let y(q) = 56*q - 332. Give y(8).
116
Let y(k) = 36*k**2 - 1. What is y(-1)?
35
Let x(h) = -592*h + 37. What is x(-1)?
629
Let u(n) = 4459*n + 22282. What is u(-5)?
-13
Let i(r) = -10*r**3 + 76*r**2 + 241*r + 5. What is i(10)?
15
Let j(l) = -l**2 + 46*l + 1332. Determine j(66).
12
Let h(f) = 6*f**2 + 587*f - 5888. Give h(-107).
-3
Let r(o) = -1384*o + 1391. Calculate r(1).
7
Let i(f) = -f**2 - 45*f + 199. What is i(4)?
3
Let b(h) = -2*h**3 - 24*h**2 + 25*h - 40. What is b(-13)?
-27
Let i(z) = 31*z + 23. Determine i(-1).
-8
Let i(c) = c**3 + 14*c**2 + 60*c + 73. Calculate i(-2).
1
Let g(d) = -116*d**2 - 11603*d - 302. Give g(-100).
-2
Let b(r) = 181*r + 321. Determine b(-3).
-222
Let y(a) = a**2 - 29*a - 60. Determine y(34).
110
Let w(s) = 10*s**2 + 28*s - 142. Give w(3).
32
Let v(m) = -m**3 - 9*m**2 - 27*m - 91. What is v(-7)?
0
Let a(l) = 2*l**2 - 104*l - 208. Calculate a(55).
122
Let r(o) = -256*o + 1186. Give r(5).
-94
Let w(t) = 217*t + 30. What is w(1)?
247
Let y(p) = -2*p**2 - 144*p + 3461. What is y(-91)?
3
Let m(p) = -77*p + 934. What is m(7)?
395
Let y(x) = -x**2 + 24*x + 5767. What is y(90)?
-173
Let o(a) = 3*a**2 + 322*a - 1572. Give o(-112).
-4
Let n(s) = -s**3 - 5*s**2 + 25*s - 11. Determine n(-7).
-88
Let y(x) = 10*x + 85. Give y(-19).
-105
Let k(l) = -l**3 - 2*l**2 - 137*l - 571. Give k(-4).
9
Let h(o) = o**2 - 119*o + 1265. Give h(12).
-19
Let o(x) = -354*x + 5303. Give o(15).
-7
Let h(f) = 37*f + 1842. What is h(-50)?
-8
Let i(t) = -25*t**3 - 3*t**2 + 6*t + 8. Determine i(-1).
24
Let g(w) = 2*w**2 + 134*w - 2419. Give g(16).
237
Let i(g) = -g - 36. What is i(-18)?
-18
Let v(f) = -30*f**3 - 724*f + 725. Calculate v(1).
-29
Let i(o) = -71*o + 10291. Calculate i(145).
-4
Let g(v) = -37*v**2 - 402*v + 54. What is g(-11)?
-1
Let s(f) = -f**3 - 46*f**2 - 139*f - 438. What is s(-43)?
-8
Let s(q) = -q**3 - 124*q**2 - 252*q - 975. Determine s(-122).
1
Let l(w) = w**2 - 2*w - 92. Give l(-9).
7
Let b(s) = 56*s**2 + 1302*s + 324. Give b(-23).
2
Let r(s) = -144*s - 6554. What is r(-45)?
-74
Let k(d) = 39*d**2 - 97*d - 496. What is k(5)?
-6
Let t(k) = -2*k**2 - 27*k + 477. Calculate t(-28).
-335
Let r(s) = s**3 - 32*s**2 - 33*s - 65. Calculate r(33).
-65
Let q(j) = -11*j**2 - 34*j + 453. What is q(5)?
8
Let o(v) = -v**3 - 21*v**2 + 31*v - 5. Calculate o(-22).
-203
Let x(f) = -12*f**2 - 696*f - 3. Give x(-58).
-3
Let d(i) = 2*i**3 + 105*i**2 - 49*i + 224. Calculate d(-53).
